
72
What is the remainder when 82 is divided by 51?
31
What is the remainder when 865 is divided by 95?
10
Calculate the remainder when 11 is divided by 11.
0
Calculate the remainder when 302 is divided by 97.
11
Calculate the remainder when 21908 is divided by 109.
108
Calculate the remainder when 61 is divided by 29.
3
What is the remainder when 10187 is divided by 42?
23
Calculate the remainder when 400 is divided by 58.
52
Calculate the remainder when 343 is divided by 35.
28
What is the remainder when 1527 is divided by 167?
24
Calculate the remainder when 314 is divided by 81.
71
Calculate the remainder when 27403 is divided by 4.
3
Calculate the remainder when 158 is divided by 20.
18
What is the remainder when 828 is divided by 104?
100
Calculate the remainder when 977 is divided by 11.
9
What is the remainder when 259 is divided by 10?
9
What is the remainder when 1870 is divided by 157?
143
Calculate the remainder when 1572 is divided by 264.
252
What is the remainder when 834 is divided by 87?
51
Calculate the remainder when 248 is divided by 84.
80
What is the remainder when 472 is divided by 16?
8
Calculate the remainder when 28 is divided by 12.
4
What is the remainder when 112 is divided by 24?
16
Calculate the remainder when 1028 is divided by 113.
11
Calculate the remainder when 2020 is divided by 16.
4
What is the remainder when 204 is divided by 46?
20
Calculate the remainder when 1278 is divided by 107.
101
What is the remainder when 59 is divided by 30?
29
What is the remainder when 376 is divided by 363?
13
What is the remainder when 48 is divided by 26?
22
Calculate the remainder when 230 is divided by 81.
68
Calculate the remainder when 123 is divided by 6.
3
What is the remainder when 464 is divided by 78?
74
What is the remainder when 137 is divided by 44?
5
Calculate the remainder when 3806 is divided by 32.
30
Calculate the remainder when 880 is divided by 212.
32
What is the remainder when 246 is divided by 112?
22
What is the remainder when 306 is divided by 11?
9
What is the remainder when 856 is divided by 94?
10
What is the remainder when 287 is divided by 13?
1
What is the remainder when 24478 is divided by 34?
32
Calculate the remainder when 1065 is divided by 53.
5
Calculate the remainder when 176 is divided by 9.
5
Calculate the remainder when 263 is divided by 14.
11
Calculate the remainder when 388 is divided by 39.
37
What is the remainder when 1647 is divided by 823?
1
What is the remainder when 1781 is divided by 81?
80
What is the remainder when 64 is divided by 31?
2
What is the remainder when 1045 is divided by 72?
37
Calculate the remainder when 441 is divided by 115.
96
What is the remainder when 3574 is divided by 8?
6
Calculate the remainder when 693 is divided by 12.
9
What is the remainder when 1115 is divided by 276?
11
What is the remainder when 5759 is divided by 55?
39
What is the remainder when 427 is divided by 28?
7
Calculate the remainder when 4941 is divided by 291.
285
Calculate the remainder when 16 is divided by 8.
0
What is the remainder when 394 is divided by 18?
16
What is the remainder when 182 is divided by 57?
11
What is the remainder when 260 is divided by 45?
35
Calculate the remainder when 41 is divided by 20.
1
What is the remainder when 475 is divided by 12?
7
Calculate the remainder when 107 is divided by 10.
7
Calculate the remainder when 4893 is divided by 55.
53
What is the remainder when 13409 is divided by 149?
148
Calculate the remainder when 604 is divided by 198.
10
Calculate the remainder when 1213 is divided by 15.
13
What is the remainder when 223 is divided by 23?
16
What is the remainder when 80 is divided by 18?
8
What is the remainder when 8377 is divided by 59?
58
Calculate the remainder when 163 is divided by 11.
9
What is the remainder when 1123 is divided by 197?
138
What is the remainder when 16 is divided by 6?
4
Calculate the remainder when 192 is divided by 188.
4
What is the remainder when 3578 is divided by 70?
8
What is the remainder when 11 is divided by 11?
0
Calculate the remainder when 186 is divided by 40.
26
Calculate the remainder when 297 is divided by 8.
1
Calculate the remainder when 844 is divided by 141.
139
Calculate the remainder when 1042 is divided by 195.
67
What is the remainder when 1220 is divided by 8?
4
What is the remainder when 735 is divided by 41?
38
Calculate the remainder when 576 is divided by 35.
16
What is the remainder when 146 is divided by 65?
16
Calculate the remainder when 2675 is divided by 67.
62
Calculate the remainder when 38 is divided by 11.
5
Calculate the remainder when 5099 is divided by 17.
16
Calculate the remainder when 2033 is divided by 255.
248
Calculate the remainder when 3554 is divided by 10.
4
What is the remainder when 78 is divided by 17?
10
What is the remainder when 83 is divided by 65?
18
Calculate the remainder when 1741 is divided by 155.
36
What is the remainder when 584 is divided by 200?
184
What is the remainder when 93 is divided by 29?
6
What is the remainder when 6177 is divided by 37?
35
Calculate the remainder when 934 is divided by 4.
2
Calculate the remainder when 1388 is divided by 278.
276
Calculate the remainder when 1212 is divided by 300.
12
What is the remainder when 367 is divided by 95?
82
What is the remainder when 144 is divided by 90?
54
What is the remainder when 81 is divided by 6?
3
Calculate the remainder when 723 is divided by 33.
30
What is the remainder when 386 is divided by 5?
1
What is the remainder when 729 is divided by 357?
15
Calculate the remainder when 118 is divided by 64.
54
Calculate the remainder when 428 is divided by 16.
12
Calculate the remainder when 83 is divided by 6.
5
Calculate the remainder when 259 is divided by 88.
83
Calculate the remainder when 3894 is divided by 111.
9
What is the remainder when 1623 is divided by 1615?
8
What is the remainder when 1242 is divided by 83?
80
What is the remainder when 55 is divided by 14?
13
Calculate the remainder when 1392 is divided by 17.
15
What is the remainder when 392 is divided by 71?
37
What is the remainder when 88 is divided by 46?
42
What is the remainder when 213 is divided by 73?
67
Calculate the remainder when 394 is divided by 109.
67
Calculate the remainder when 5609 is divided by 34.
33
What is the remainder when 1726 is divided by 16?
14
Calculate the remainder when 293 is divided by 98.
97
Calculate the remainder when 833 is divided by 33.
8
Calculate the remainder when 144 is divided by 81.
63
Calculate the remainder when 130 is divided by 20.
10
What is the remainder when 273 is divided by 70?
63
What is the remainder when 907 is divided by 4?
3
What is the remainder when 1089 is divided by 107?
19
What is the remainder when 401 is divided by 31?
29
Calculate the remainder when 311 is divided by 78.
77
Calculate the remainder when 446 is divided by 139.
29
What is the remainder when 246 is divided by 44?
26
Calculate the remainder when 172 is divided by 35.
32
What is the remainder when 170 is divided by 38?
18
Calculate the remainder when 63 is divided by 27.
9
Calculate the remainder when 348 is divided by 32.
28
Calculate the remainder when 637 is divided by 185.
82
Calculate the remainder when 427 is divided by 31.
24
What is the remainder when 11491 is divided by 19?
15
Calculate the remainder when 146 is divided by 99.
47
What is the remainder when 2352 is divided by 181?
180
What is the remainder when 1150 is divided by 32?
30
Calculate the remainder when 1437 is divided by 475.
12
What is the remainder when 68 is divided by 16?
4
What is the remainder when 8022 is divided by 107?
104
What is the remainder when 115 is divided by 41?
33
Calculate the remainder when 972 is divided by 122.
118
What is the remainder when 217 is divided by 93?
31
Calculate the remainder when 388 is divided by 18.
10
What is the remainder when 2779 is divided by 32?
27
What is the remainder when 715 is divided by 245?
225
Calculate the remainder when 631 is divided by 233.
165
What is the remainder when 726 is divided by 52?
50
Calculate the remainder when 457 is divided by 51.
49
Calculate the remainder when 299 is divided by 122.
55
What is the remainder when 5989 is divided by 1196